-q**4/4 + 4*q**3/3 - q**2 - 3*q - 2. Let t be r(3). Suppose 0*l + 3*l - 6 = t. What is the units digit of l?
2
Let u(z) be the first derivative of -3*z**2/2 + 3*z + 3. What is the units digit of u(-6)?
1
Let z(i) = -i + 3. Let s be z(4). Let a = 0 - s. What is the units digit of (-21)/(-4) + a/(-4)?
5
Let u = 18 - 3. What is the units digit of (18/u)/((-2)/(-10))?
6
Suppose 9*p - 7*p - 786 = 0. What is the hundreds digit of p?
3
Suppose -z + 14 = -5*j, 5*z - 93 = 2*j - 23. What is the units digit of z?
4
Let p(y) = -y - 7. Let x(i) = i**3 - 6*i**2 - i + 1. Let o be x(6). Let c be p(o). What is the units digit of (2/1 - c)*2?
8
Let y = -25 + 32. What is the units digit of y?
7
Suppose 0 = u - 0 + 6. Let r = u - -8. Suppose -7 - 3 = -r*t. What is the units digit of t?
5
Suppose 0*b - 119 = -b. What is the tens digit of b?
1
Let q be (-4)/10 + (-114)/15. Let n = 9 + q. What is the units digit of n?
1
Let y(w) = -2*w**3 + 2*w**2 + 2*w - 2. Let a be y(2). What is the units digit of (2/a)/((-5)/255)?
7
Suppose 0 = -5*q + 5, -3*n - n + 3*q + 1 = 0. What is the tens digit of 4/n + 42 + -4?
4
Let z = 182 - 38. What is the units digit of z?
4
Suppose -3*t + 4 = -17. What is the units digit of t?
7
Suppose -x + 78 = 5*t - 228, 0 = -t - 5*x + 66. What is the units digit of t?
1
Suppose 5*m + 2*w + 45 = -3*w, 15 = -5*m + 5*w. Let o be m + -2 + 2 + -3. What is the units digit of (o/6)/1*-2?
3
Let y = -4 - -8. Suppose -3*q + 4*i - y = -25, q - 2*i = 7. What is the units digit of q?
7
Let n = 2 - 1. Let u(v) = v**2 - 6*v + 3. Let l be u(6). Let w = l - n. What is the units digit of w?
2
Suppose 197*w - 222 = 195*w. What is the tens digit of w?
1
Suppose i = -3*i. Suppose i - 6 = -2*p. What is the units digit of (-2)/p - 50/(-3)?
6
Suppose 5*d - 6*d = 0. Suppose d = -5*w + 3 + 7. Suppose w*v = 8 + 10. What is the units digit of v?
9
Let v = 740 - 432. What is the tens digit of v?
0
Let g = 2 - -10. Let b = 14 - g. What is the units digit of b?
2
Let z(l) be the second derivative of 7*l**4/6 + l**3/6 + 3*l. What is the tens digit of z(-1)?
1
Suppose -4*h = 2*z + 8, -z - 2*z = h - 3. Suppose -z*r + 12 = -92. What is the tens digit of r?
5
Suppose 3*w + 5*t = -0*t + 334, 5*w - t - 538 = 0. Suppose a - 5*a = -w. What is the units digit of a/15*(5 - 0)?
9
Let t(x) = 5*x**3 - 2*x**2 - 5*x - 4. Let l(k) = -10*k**3 + 3*k**2 + 9*k + 7. Let n(j) = 4*l(j) + 7*t(j). What is the tens digit of n(-2)?
3
What is the tens digit of (9/(-27))/((-2)/1098)?
8
Suppose 2 = -5*c - 2*a + 3*a, -4*a = 4*c - 8. Suppose -5*h + 4*y + 30 = c, 2*h + 1 = -0*h - y. Suppose 4 = h*r - 2. What is the units digit of r?
3
Let b = -18 - -9. Let n = b - -10. What is the units digit of n?
1
Let t = 8 - 5. Suppose t*o + 2 - 35 = 3*v, 4*o = -v + 44. What is the tens digit of o?
1
Let n(a) = -3*a**3 + 0 + 4*a - 4 + 2*a - a**2. Let o(c) = -4*c**3 - 2*c**2 + 7*c - 5. Let k(j) = -3*n(j) + 2*o(j). What is the units digit of k(3)?
8
Suppose -860 + 45 = -5*z. What is the tens digit of z?
6
Let n = -1 + 4. Suppose 0 = 3*o - 3*c - n, -3*o - 9 = 5*c - 2*c. What is the tens digit of (o + 0)/3*-39?
1
Let o = 1 + 0. Let z be o*4 - (3 + -4). Suppose 26 = z*m - 19. What is the units digit of m?
9
Let k = -53 + 23. Let i = 57 + k. What is the tens digit of i?
2
Suppose -5*h + 325 = 60. What is the units digit of h?
3
What is the tens digit of (-1 - -53) + (-3 - 1)?
4
Let j = -9 + 44. What is the tens digit of j?
3
What is the units digit of 3/(9/(-75))*-1?
5
Suppose -f = -3*f. Let i(h) = 6*h + 11. Let b(d) = 5*d + 12. Let m(r) = 5*b(r) - 4*i(r). What is the tens digit of m(f)?
1
Let x(p) = p - 9. Let q be x(7). Let r = -2 - q. Let g = 1 - r. What is the units digit of g?
1
Let v(a) = -a**3 - 6*a**2 + 7*a - 8. Let p be v(-7). Let y = 4 - p. What is the tens digit of y?
1
Let r(y) be the first derivative of 2*y**3/3 - y**2/2 - 9*y - 1. What is the tens digit of r(5)?
3
Let b(y) = 2*y**2 + y. Let v be 2 - (-1 + (0 - 0)). What is the tens digit of b(v)?
2
Suppose -3*s - 12 - 8 = -2*l, l + 8 = -3*s. Let o(v) = -v**2 - 5*v - 1. Let a be o(s). Suppose a*f - 5 = i, 2*i - 3 - 5 = 0. What is the units digit of f?
3
Suppose 0 = 4*f - 55 - 1. What is the tens digit of f?
1
Suppose 2*l + 68 = -2*l. Let x = l + 74. What is the units digit of x?
7
Suppose -2*u - u + 27 = 0. What is the tens digit of 2/u - 868/(-63)?
1
Suppose 2*p - 5*p = -174. What is the tens digit of p?
5
Let g(j) = j**2 + j + 9. What is the units digit of g(-5)?
9
Let j be -1 - ((-2)/(-2))/1. Let z be 312/60 + j/10. Suppose z*u + 5 = 30. What is the units digit of u?
5
Let u(b) = 2*b - 1. What is the units digit of u(4)?
7
Let k = -8 - -10. Let y = 2 - k. Suppose -5*z + 4*z - 1 = y, -4*b + 55 = z. What is the units digit of b?
4
Suppose -3*a + 23 = -g - 336, 2*a + 5*g - 211 = 0. What is the tens digit of a?
1
Let k(d) = 3*d**2 - 1. What is the units digit of k(3)?
6
Suppose y = -0*y + 34. What is the units digit of y?
4
Suppose 125 = 5*f - 215. What is the units digit of f?
8
Suppose -4*q + 2*q - 4*i + 28 = 0, 5*i + 31 = 3*q. What is the tens digit of q?
1
Suppose -2*u = 3*u - 40. Let o(z) = z**2 - 9*z + 4. Let n be o(u). Let a = n + 6. What is the units digit of a?
2
Suppose -12 = z - 2*z. Suppose 0 = 2*v + 2*v - z. What is the units digit of v?
3
Suppose y = -3*y. Suppose 0 = -2*q - y + 2. What is the units digit of q?
1
What is the tens digit of 154/6 + (-4)/(-3)?
2
Suppose -2*o + 6*o + 5*a = -3, -o - 4*a = 9. What is the units digit of 1/o + 145/15?
0
Let t(f) = f**3 - 10*f**2 + 9*f + 9. What is the units digit of t(9)?
9
Let b(l) = -l**3 + 3*l**2 + 7*l - 6. Let d(c) = -2*c + 6. Let r be d(-5). Suppose -r = 3*y - 7*y. What is the units digit of b(y)?
6
Let w be 1 - (0 + -1) - -1*1. Suppose -a = 3*a + 20. What is the units digit of (-9)/w - a - -4?
6
Let u(b) = -12*b + 1 + b**2 + 3 + 14*b. What is the tens digit of u(-4)?
1
Suppose 3*j + 0*p = 3*p - 18, -5*j - 42 = -p. Let q be 6 - (j/(-1))/3. Suppose -8 = -4*v - a, -q*v = 2*a - 0 - 1. What is the units digit of v?
3
Suppose 91 + 19 = 5*x. What is the tens digit of x?
2
Let n(w) = 9*w**2 - 2. What is the tens digit of n(-2)?
3
Suppose -5*t = -8*t + 27. Suppose 84 = 3*p + 5*l, 0 = -4*p + t*p + 2*l - 140. What is the tens digit of p?
2
Let u(l) = l**2 + 4*l - 12. What is the tens digit of u(-11)?
6
Let x = -169 + 193. What is the tens digit of x?
2
Let n(b) = -b**3 - 2*b**2 - b + 2. Let d be n(-3). What is the units digit of (-2)/(-7) - (-248)/d?
8
Suppose -2 = o - 25. What is the units digit of o?
3
Suppose 7*x = 6*x + 44. What is the tens digit of x?
4
Let n = -107 - -170. What is the tens digit of n?
6
Let c = 74 + -133. Let m = -26 - c. Suppose 4*j - j = m. What is the units digit of j?
1
Suppose 3*l = 5*l - 4. Let t(h) = h**2 + h. Let d be t(1). Suppose d*o + 4*k = 10, 4*k = 6*o - l*o - 68. What is the units digit of o?
3
Let t = -14 - -8. Let c = 12 + t. What is the units digit of c?
6
What is the units digit of (-57 + 4)*-2*(-1)/(-1)?
6
Suppose 0 = u + 4*j - 41, 0 = 2*u + 3*j - 12 - 75. What is the tens digit of u?
4
Let m be 6/9*6/(-4). Let h = m - -18. What is the units digit of h?
7
Let c = -28 + 123. What is the tens digit of c?
9
Let w(y) = -2*y**3 - y**2 + 2*y - 2. Let l(v) = v**2 - v - 3*v**3 + 4*v**3 - 2*v**3. Let p(r) = -3*l(r) + w(r). What is the units digit of p(3)?
4
Let y(j) be the third derivative of -j**6/120 + 3*j**5/20 - j**4/8 + 2*j**3/3 + 4*j**2. Let o be y(8). Let x = o + -25. What is the units digit of x?
9
What is the tens digit of (-3 + 68 + 2)/1?
6
Suppose 10 = -4*k + 26. Suppose -b - 1 = -k. What is the units digit of b?
3
Suppose 4*p - 215 = -3*m - 75, 4*p = -m + 36. What is the tens digit of m?
5
Suppose 4*z + 24 = 4*l, 0 = 3*z - 2*l + 17 + 2. Let j(q) = 2*q**2 + 9*q + 5. What is the tens digit of j(z)?
4
Let p = -7 + 7. Suppose p = u + 2*u - 15. What is the units digit of u?
5
Let o(t) = t**2 - 8*t - 2. Let f be o(9). Let c(p) = -p**3 + 6*p**2 + 9*p - 7. What is the units digit of c(f)?
7
Suppose 4*d = 2*i + 2 + 10, -d - 2*i = 2. Suppose -d*q - 2*q = -24. What is the units digit of q?
6
Let a = 6 - 2. Suppose a*r + r = 90. What is the tens digit of r?
1
Let y = -35 + 209. Let k = -121 + y. What is the units digit of k?
3
Let n = 3 - 0. Suppose 4*z - n = 2*i - 27, -3*z - 53 